 5, 353
What are the prime factors of 8394?
2, 3, 1399
What are the prime factors of 7385?
5, 7, 211
List the prime factors of 52275.
3, 5, 17, 41
List the prime factors of 27800.
2, 5, 139
List the prime factors of 9176.
2, 31, 37
What are the prime factors of 20425?
5, 19, 43
List the prime factors of 176137.
13, 17, 797
List the prime factors of 2136.
2, 3, 89
What are the prime factors of 363?
3, 11
What are the prime factors of 19266?
2, 3, 13, 19
What are the prime factors of 3821?
3821
What are the prime factors of 49082?
2, 11, 23, 97
List the prime factors of 31460.
2, 5, 11, 13
What are the prime factors of 41565?
3, 5, 17, 163
List the prime factors of 4768.
2, 149
What are the prime factors of 5757?
3, 19, 101
What are the prime factors of 24098?
2, 12049
List the prime factors of 11378.
2, 5689
List the prime factors of 25017.
3, 31, 269
What are the prime factors of 30912?
2, 3, 7, 23
What are the prime factors of 2515?
5, 503
What are the prime factors of 4302?
2, 3, 239
What are the prime factors of 1220?
2, 5, 61
What are the prime factors of 264?
2, 3, 11
List the prime factors of 17257.
17257
List the prime factors of 5978.
2, 7, 61
What are the prime factors of 18660?
2, 3, 5, 311
What are the prime factors of 2734?
2, 1367
What are the prime factors of 2079?
3, 7, 11
What are the prime factors of 273?
3, 7, 13
List the prime factors of 13137.
3, 29, 151
What are the prime factors of 9474?
2, 3, 1579
What are the prime factors of 135?
3, 5
List the prime factors of 1891.
31, 61
What are the prime factors of 7922?
2, 17, 233
List the prime factors of 609.
3, 7, 29
What are the prime factors of 1520?
2, 5, 19
List the prime factors of 14429.
47, 307
List the prime factors of 4356.
2, 3, 11
What are the prime factors of 2837?
2837
List the prime factors of 2012.
2, 503
List the prime factors of 43294.
2, 21647
What are the prime factors of 90?
2, 3, 5
List the prime factors of 27495.
3, 5, 13, 47
List the prime factors of 567.
3, 7
What are the prime factors of 4573?
17, 269
List the prime factors of 1048.
2, 131
What are the prime factors of 760?
2, 5, 19
What are the prime factors of 60440?
2, 5, 1511
List the prime factors of 8509.
67, 127
List the prime factors of 65954.
2, 7, 673
What are the prime factors of 120090?
2, 3, 5, 4003
List the prime factors of 2898.
2, 3, 7, 23
What are the prime factors of 6969?
3, 23, 101
List the prime factors of 117883.
117883
What are the prime factors of 8952?
2, 3, 373
List the prime factors of 37736.
2, 53, 89
What are the prime factors of 1886?
2, 23, 41
List the prime factors of 832.
2, 13
List the prime factors of 757.
757
List the prime factors of 1252.
2, 313
List the prime factors of 358.
2, 179
What are the prime factors of 1064?
2, 7, 19
List the prime factors of 3189.
3, 1063
List the prime factors of 2124.
2, 3, 59
What are the prime factors of 7917?
3, 7, 13, 29
List the prime factors of 1452.
2, 3, 11
What are the prime factors of 13567?
13567
What are the prime factors of 4132?
2, 1033
What are the prime factors of 296?
2, 37
List the prime factors of 1500.
2, 3, 5
What are the prime factors of 52915?
5, 19, 557
What are the prime factors of 6486?
2, 3, 23, 47
What are the prime factors of 43296?
2, 3, 11, 41
What are the prime factors of 56547?
3, 61, 103
What are the prime factors of 6105?
3, 5, 11, 37
What are the prime factors of 2654?
2, 1327
List the prime factors of 803.
11, 73
List the prime factors of 564.
2, 3, 47
List the prime factors of 22517.
11, 23, 89
List the prime factors of 820.
2, 5, 41
What are the prime factors of 5309?
5309
List the prime factors of 598.
2, 13, 23
What are the prime factors of 116?
2, 29
What are the prime factors of 2630?
2, 5, 263
List the prime factors of 54804.
2, 3, 4567
What are the prime factors of 30495?
3, 5, 19, 107
List the prime factors of 2116.
2, 23
What are the prime factors of 216?
2, 3
List the prime factors of 11632.
2, 727
What are the prime factors of 99180?
2, 3, 5, 19, 29
List the prime factors of 104760.
2, 3, 5, 97
What are the prime factors of 8006?
2, 4003
What are the prime factors of 4452?
2, 3, 7, 53
What are the prime factors of 2283?
3, 761
List the prime factors of 25558.
2, 13, 983
What are the prime factors of 471?
3, 157
What are the prime factors of 5460?
2, 3, 5, 7, 13
List the prime factors of 33289.
33289
What are the prime factors of 3478?
2, 37, 47
List the prime factors of 31551.
3, 13, 809
What are the prime factors of 34998?
2, 3, 19, 307
What are the prime factors of 432?
2, 3
What are the prime factors of 1978?
2, 23, 43
What are the prime factors of 45289?
45289
What are the prime factors of 445?
5, 89
List the prime factors of 67176.
2, 3, 311
What are the prime factors of 30660?
2, 3, 5, 7, 73
What are the prime factors of 14895?
3, 5, 331
What are the prime factors of 81404?
2, 47, 433
What are the prime factors of 4718?
2, 7, 337
List the prime factors of 8973.
3, 997
What are the prime factors of 1341?
3, 149
What are the prime factors of 460?
2, 5, 23
What are the prime factors of 576?
2, 3
List the prime factors of 2695.
5, 7, 11
What are the prime factors of 482?
2, 241
List the prime factors of 27813.
3, 73, 127
What are the prime factors of 77298?
2, 3, 13, 991
What are the prime factors of 2795?
5, 13, 43
What are the prime factors of 943?
23, 41
List the prime factors of 147815.
5, 17, 37, 47
What are the prime factors of 70084?
2, 7, 2503
List the prime factors of 21.
3, 7
List the prime factors of 2518.
2, 1259
What are the prime factors of 34585?
5, 6917
What are the prime factors of 364?
2, 7, 13
What are the prime factors of 362?
2, 181
List the prime factors of 63330.
2, 3, 5, 2111
List the prime factors of 6281.
11, 571
List the prime factors of 1512.
2, 3, 7
List the prime factors of 381.
3, 127
List the prime factors of 15151.
109, 139
List the prime factors of 503.
503
What are the prime factors of 9046?
2, 4523
What are the prime factors of 4522?
2, 7, 17, 19
What are the prime factors of 1557?
3, 173
What are the prime factors of 3917?
3917
List the prime factors of 40585.
5, 8117
What are the prime factors of 11717?
11717
List the prime factors of 18747.
3, 2083
What are the prime factors of 6158?
2, 3079
List the prime factors of 45227.
7, 13, 71
What are the prime factors of 5214?
2, 3, 11, 79
List the prime factors of 391.
17, 23
List the prime factors of 2899.
13, 223
List the prime factors of 264.
2, 3, 11
List the prime factors of 691.
691
List the prime factors of 7429.
17, 19, 23
List the prime factors of 10631.
10631
What are the prime factors of 863?
863
List the prime factors of 14566.
2, 7283
List the prime factors of 16614.
2, 3, 13, 71
What are the prime factors of 1705?
5, 11, 31
List the prime factors of 3476.
2, 11, 79
What are the prime factors of 160?
2, 5
List the prime factors of 5716.
2, 1429
What are the prime factors of 389?
389
List the prime factors of 9409.
97
List the prime factors of 9558.
2, 3, 59
What are the prime factors of 1537?
29, 53
What are the prime factors of 834?
2, 3, 139
List the prime factors of 471.
3, 157
List the prime factors of 48822.
2, 3, 79, 103
List the prime factors of 24542.
2, 7, 1753
What are the prime factors of 1720?
2, 5, 43
What are the prime factors of 35976?
2, 3, 1499
What are the prime factors of 2258?
2, 1129
List the prime factors of 1160.
2, 5, 29
List the prime factors of 287.
7, 41
What are the prime factors of 1131?
3, 13, 29
List the prime factors of 3526.
2, 41, 43
List the prime factors of 49298.
2, 157
List the prime factors of 103003.
17, 73, 83
List the prime factors of 1564.
2, 17, 23
What are the prime factors of 21412?
2, 53, 101
What are the prime factors of 2044?
2, 7, 73
What are the prime factors of 64?
2
What are the prime factors of 18162?
2, 3, 1009
List the prime factors of 74582.
2, 89, 419
List the prime factors of 34507.
11, 3137
What are the prime factors of 8906?
2, 61, 73
What are the prime factors of 1723?
1723
What are the prime factors of 1376?
2, 43
What are the prime factors of 684?
2, 3, 19
List the prime factors of 67.
67
List the prime factors of 1197.
3, 7, 19
What are the prime factors of 476?
2, 7, 17
What are the prime factors of 104323?
104323
What are